atest common factor of 1179350 and 13230475?
5725
Calculate the highest common divisor of 275311030 and 5260.
2630
Calculate the highest common factor of 459 and 3489471.
153
What is the greatest common factor of 2968 and 3344459?
53
What is the highest common divisor of 343 and 47503099?
343
Calculate the greatest common factor of 149 and 14036843.
149
Calculate the highest common divisor of 7 and 11512767.
7
What is the highest common divisor of 8 and 722518?
2
What is the greatest common divisor of 2486 and 6868873?
11
What is the greatest common factor of 93361 and 30082?
89
Calculate the highest common divisor of 45204742 and 22.
22
Calculate the highest common divisor of 161319 and 93.
3
What is the highest common factor of 682 and 1025201?
31
Calculate the greatest common divisor of 1283284856 and 224.
56
Calculate the highest common factor of 98 and 5573407.
49
What is the greatest common factor of 58428034 and 23016?
1918
Calculate the highest common factor of 326477 and 18563.
19
Calculate the greatest common factor of 7 and 93650627.
7
What is the greatest common divisor of 2011399 and 403?
13
What is the highest common divisor of 4271132 and 1480?
148
Calculate the greatest common factor of 70339 and 11625.
31
Calculate the highest common factor of 1175752 and 16403.
47
Calculate the greatest common factor of 1123 and 42033890.
1123
Calculate the greatest common divisor of 3937 and 1271.
31
What is the greatest common factor of 42915 and 137662737?
8583
Calculate the greatest common factor of 70594348 and 44.
44
What is the greatest common factor of 38 and 71058898?
38
What is the greatest common divisor of 1014 and 422569290?
1014
What is the highest common divisor of 2688 and 4404864?
384
Calculate the greatest common factor of 10080 and 809613.
63
Calculate the highest common factor of 4155 and 455247561.
831
Calculate the highest common divisor of 616655 and 95069585.
11635
Calculate the highest common divisor of 4735 and 15115.
5
What is the highest common divisor of 2376380 and 580?
20
What is the highest common divisor of 98 and 103389804?
98
What is the highest common divisor of 7470168 and 6264?
696
Calculate the greatest common factor of 2107756 and 238.
14
What is the highest common divisor of 195412 and 42238?
98
Calculate the greatest common divisor of 200538170 and 70.
70
What is the greatest common factor of 6321 and 1763412?
147
Calculate the greatest common divisor of 12742 and 961469.
23
Calculate the greatest common divisor of 7950 and 2723790.
30
What is the highest common factor of 328 and 104483252?
164
Calculate the greatest common divisor of 1680 and 553035.
105
What is the highest common factor of 9526524 and 798?
798
What is the highest common divisor of 2175 and 19602405?
435
Calculate the highest common factor of 1738 and 3516922.
158
What is the greatest common factor of 23953376 and 80864?
608
What is the highest common divisor of 715540 and 26410?
190
What is the greatest common factor of 62870224 and 368?
368
Calculate the highest common factor of 115226853 and 29673.
3297
What is the greatest common factor of 2 and 4433606?
2
What is the highest common factor of 80319243 and 1878?
939
Calculate the highest common factor of 272 and 398276.
68
Calculate the greatest common divisor of 8199032 and 9352.
1336
Calculate the highest common factor of 230711765 and 23684.
5921
What is the highest common divisor of 647013 and 54?
3
What is the greatest common factor of 15143206 and 186394?
1742
What is the highest common factor of 26678221 and 1258?
37
Calculate the greatest common divisor of 220 and 1436215.
55
What is the greatest common factor of 6355014 and 30?
6
What is the highest common factor of 198 and 3330459?
99
What is the highest common divisor of 2 and 110370062?
2
What is the greatest common factor of 1363418 and 56?
14
Calculate the greatest common factor of 1662 and 3135086.
554
What is the greatest common divisor of 660 and 35253570?
330
What is the highest common factor of 21045036 and 36?
12
What is the highest common factor of 26318817 and 35?
7
Calculate the greatest common factor of 398864 and 622934.
194
What is the highest common divisor of 2403 and 240058899?
801
Calculate the greatest common divisor of 38 and 113048309.
19
What is the greatest common divisor of 113851 and 5096715?
443
What is the highest common divisor of 3135 and 933603?
627
Calculate the greatest common divisor of 24 and 939327512.
8
What is the greatest common factor of 10238 and 737990873?
5119
Calculate the highest common divisor of 551154 and 3002937.
2841
What is the greatest common factor of 1560 and 692760?
120
Calculate the highest common factor of 765 and 1946235.
15
Calculate the greatest common divisor of 5338208 and 1334.
46
What is the highest common factor of 913455 and 5247?
477
What is the greatest common factor of 2071 and 19110105?
19
What is the greatest common factor of 1753565239 and 227?
227
Calculate the highest common divisor of 3216 and 1531536.
48
What is the greatest common divisor of 16814 and 594860?
14
What is the greatest common factor of 34495017 and 402?
201
What is the greatest common divisor of 77363 and 7865?
143
Calculate the greatest common factor of 32 and 115018848.
32
Calculate the highest common divisor of 1743336 and 7272.
72
Calculate the greatest common factor of 3213 and 214984.
7
Calculate the highest common divisor of 251618 and 47989.
1297
What is the highest common divisor of 14294592 and 216?
72
What is the highest common factor of 252 and 2261496?
12
Calculate the greatest common factor of 621 and 7635977.
23
Calculate the greatest common factor of 915910 and 650.
10
Calculate the greatest common factor of 10264 and 1910387.
1283
What is the highest common factor of 6048 and 4601268?
252
Calculate the highest common factor of 2352514 and 1917.
71
Calculate the highest common factor of 3263199 and 968061.
6411
Calculate the highest common divisor of 481616699 and 293.
293
Calculate the highest common divisor of 90 and 27663606.
18
What is the highest common factor of 63104 and 7263369?
493
What is the greatest common divisor of 1150 and 252950?
50
What is the greatest common divisor of 7849 and 429627?
47
What is the highest common divisor of 261 and 673066539?
261
What is the greatest common factor of 1396892 and 31360?
196
What is the greatest common divisor of 3087 and 2891245?
49
What is the greatest common divisor of 6858 and 1330857?
27
What is the greatest common factor of 1969044 and 336?
84
What is the highest common divisor of 555 and 86580870?
15
Calculate the highest common factor of 195 and 41626545.
15
Calculate the highest common divisor of 10973200 and 33600.
2800
Calculate the greatest common divisor of 253946 and 539.
77
Calculate the highest common factor of 6792 and 1896.
24
Calculate the greatest common factor of 6295278 and 1122.
66
What is the highest common factor of 6107850 and 270?
90
What is the highest common divisor of 3234 and 4649414?
1078
What is the greatest common divisor of 249125 and 51025?
25
What is the highest common divisor of 3979 and 3924851?
173
What is the highest common factor of 48868 and 37728668?
2572
What is the greatest common factor of 229 and 610884293?
229
What is the highest common factor of 121685 and 350?
5
Calculate the greatest common divisor of 30566700 and 432.
108
Calculate the greatest common divisor of 64318228 and 6312.
1052
Calculate the greatest common factor of 2534277 and 9633.
57
What is the greatest common divisor of 23383539 and 162?
27
What is the highest common divisor of 80189 and 4879?
17
Calculate the greatest common divisor of 6 and 46334043.
3
What is the highest common factor of 14 and 1622306?
14
What is the greatest common factor of 9493963 and 137?
137
What is the highest common factor of 6765 and 5152224?
1353
What is the greatest common divisor of 101 and 2085969059?
101
Calculate the greatest common divisor of 884 and 23691319.
17
Calculate the greatest common factor of 380 and 1055051.
19
Calculate the greatest common factor of 1956 and 226608.
12
What is the highest common divisor of 39611352 and 115368?
5016
Calculate the highest common factor of 578550991 and 766.
383
Wha